{"id":9659,"date":"2022-07-01T13:32:36","date_gmt":"2022-07-01T11:32:36","guid":{"rendered":"https:\/\/www.afaprogres.cat\/web\/?page_id=9659"},"modified":"2025-07-05T12:27:14","modified_gmt":"2025-07-05T10:27:14","slug":"voleibol","status":"publish","type":"page","link":"https:\/\/www.afaprogres.cat\/web\/extraescolars2526\/voleibol\/","title":{"rendered":"Volei Platja"},"content":{"rendered":"<p>Uneix-te a l&#8217;emocionant m\u00f3n del volei platja amb Artiesport!<\/p>\n<p>La nostra extraescolar est\u00e0 dissenyada especialment per a nenes i nens de 3r a 6\u00e8, i ofereix una oportunitat \u00fanica de gaudir del esport en un entorn divertit, saludable i estimulant.<\/p>\n<p>Aprendr\u00e0s t\u00e8cniques, treballar\u00e0s en equip i viur\u00e0s moments inoblidables a la sorra, tot sota la guia de t\u00e8cnics professionals.<\/p>\n<p>No perdis aquesta oportunitat de descobrir el teu potencial i fer nous amics!<\/p>\n<p>Inscriu-te ara i viu l&#8217;emoci\u00f3 del volei platja amb nosaltres!<\/p>\n<p>www.artiesport.cat &#8211; administracio@artiesport.cat<\/p>\n<p>INCRIPCIONS -&gt; <a href=\"http:\/\/www.artiesport.cat\">VOLEI PLATJA<\/a><br \/>\n<a class=\"customize-unpreviewable\" href=\"https:\/\/www.afaprogres.cat\/web\/wp-content\/uploads\/artiesport_compressed.pdf\">Llibret amb m\u00e9s informaci\u00f3\u00a0<\/a><\/p>\n","protected":false},"excerpt":{"rendered":"<p>Uneix-te a l&#8217;emocionant m\u00f3n del volei platja amb Artiesport! La nostra extraescolar est\u00e0 dissenyada especialment per a nenes i nens de 3r a 6\u00e8, i ofereix una oportunitat \u00fanica de gaudir del esport en un entorn divertit, saludable i estimulant&#8230;.<\/p>\n","protected":false},"author":17,"featured_media":10477,"parent":2904,"menu_order":0,"comment_status":"closed","ping_status":"closed","template":"","meta":{"footnotes":""},"class_list":["post-9659","page","type-page","status-publish","has-post-thumbnail","hentry"],"post_mailing_queue_ids":[],"_links":{"self":[{"href":"https:\/\/www.afaprogres.cat\/web\/wp-json\/wp\/v2\/pages\/9659","targetHints":{"allow":["GET"]}}],"collection":[{"href":"https:\/\/www.afaprogres.cat\/web\/wp-json\/wp\/v2\/pages"}],"about":[{"href":"https:\/\/www.afaprogres.cat\/web\/wp-json\/wp\/v2\/types\/page"}],"author":[{"embeddable":true,"href":"https:\/\/www.afaprogres.cat\/web\/wp-json\/wp\/v2\/users\/17"}],"replies":[{"embeddable":true,"href":"https:\/\/www.afaprogres.cat\/web\/wp-json\/wp\/v2\/comments?post=9659"}],"version-history":[{"count":7,"href":"https:\/\/www.afaprogres.cat\/web\/wp-json\/wp\/v2\/pages\/9659\/revisions"}],"predecessor-version":[{"id":10558,"href":"https:\/\/www.afaprogres.cat\/web\/wp-json\/wp\/v2\/pages\/9659\/revisions\/10558"}],"up":[{"embeddable":true,"href":"https:\/\/www.afaprogres.cat\/web\/wp-json\/wp\/v2\/pages\/2904"}],"wp:featuredmedia":[{"embeddable":true,"href":"https:\/\/www.afaprogres.cat\/web\/wp-json\/wp\/v2\/media\/10477"}],"wp:attachment":[{"href":"https:\/\/www.afaprogres.cat\/web\/wp-json\/wp\/v2\/media?parent=9659"}],"curies":[{"name":"wp","href":"https:\/\/api.w.org\/{rel}","templated":true}]}}