{"id":8609,"date":"2020-10-14T12:55:42","date_gmt":"2020-10-14T10:55:42","guid":{"rendered":"https:\/\/www.afaprogres.cat\/web\/?page_id=8609"},"modified":"2020-10-14T20:14:46","modified_gmt":"2020-10-14T18:14:46","slug":"mobilitat","status":"publish","type":"page","link":"https:\/\/www.afaprogres.cat\/web\/mobilitat\/","title":{"rendered":"Mobilitat"},"content":{"rendered":"\n<p class=\"has-normal-font-size\">La <strong>vocalia de mobilitat<\/strong> s\u2019encarrega de fomentar que els infants i joves facin el seu <strong>cam\u00ed cap a l\u2019escola de la manera m\u00e9s aut\u00f2noma i segura<\/strong> possible.<\/p>\n\n\n\n<p class=\"has-normal-font-size\">At\u00e8s que els infants i joves normalment viuen en un radi de proximitat de l\u2019escola, cal aconseguir que es desplacin de manera aut\u00f2noma i a peu o evitant l\u2019\u00fas del transport motoritzat en el m\u00e0xim de situacions possibles.<br>Per aix\u00f2 s\u2019ha d\u2019assolir un model de <strong>mobilitat m\u00e9s sostenible i de respecte als infants i joves<\/strong> <strong>com a ciutadans<\/strong>. S\u00f3n ells els ciutadans de dem\u00e0 i els h\u00e0bits que adquireixin determinaran en bona mesura els h\u00e0bits que tindran a la vida adulta. No se\u2019ls pot deixar de banda, tenen dret a con\u00e8ixer quins son els seus drets.<\/p>\n\n\n\n<p class=\"has-normal-font-size\">Algunes de les vies d\u2019actuaci\u00f3 a desenvolupar s\u00f3n:<br>\u25cf anar cap a una <strong>pacificaci\u00f3<\/strong> de l&#8217;entorn de l&#8217;escola<br>\u25cf establir <strong>contactes <\/strong>amb les<strong> escoles i instituts<\/strong> ve\u00efns<br>\u25cf seguir conformant els <strong>Camins Escolars<\/strong> i que tinguin un impacte m\u00e9s directe en el tr\u00e0nsit<br>\u25cf promoure testos de la <strong>qualitat de l\u2019aire i soroll <\/strong>a l\u2019entorn de l\u2019escola<br>\u25cf estimular activitats d\u2019<strong>educaci\u00f3 vi\u00e0ria<\/strong> tamb\u00e9 per a fam\u00edlies<br>\u25cf A causa de la <strong>Covid-19<\/strong> , l\u2019escola ha hagut de prendre mesures<br>excepcionals per a minimitzar el risc de contagi com ara obrir tots els accessos de l\u2019edifici per a fer possible l\u2019entrada i sortida esglaonada dels alumnes. Aquestes mesures han evidenciat alguns <strong>punts conflictius<\/strong> amb els que estem treballant:<br>accessos, vials, aparcament bicicletes, pilones, revisi\u00f3 de la senyalitzaci\u00f3\u2026<\/p>\n\n\n\n<p class=\"has-normal-font-size\">Bona part de l&#8217;\u00e8xit de les actuacions dep\u00e8n de la corresponsabilitat dels diferents agents implicats: Ajuntament, comerciants, ve\u00efnat, entitats, escoles i fam\u00edlies.<\/p>\n\n\n\n<p class=\"has-normal-font-size\">La vocalia de mobilitat \u00e9s formada per un equip de mares i pares que treballen per a la seguretat i autonomia dels infants i joves.<\/p>\n","protected":false},"excerpt":{"rendered":"<p>La vocalia de mobilitat s\u2019encarrega de fomentar que els infants i joves facin el seu cam\u00ed cap a l\u2019escola de la manera m\u00e9s aut\u00f2noma i segura possible. At\u00e8s que els infants i joves normalment viuen en un radi de proximitat&#8230;<\/p>\n","protected":false},"author":11,"featured_media":0,"parent":0,"menu_order":0,"comment_status":"closed","ping_status":"closed","template":"","meta":{"footnotes":""},"class_list":["post-8609","page","type-page","status-publish","hentry"],"post_mailing_queue_ids":[],"_links":{"self":[{"href":"https:\/\/www.afaprogres.cat\/web\/wp-json\/wp\/v2\/pages\/8609","targetHints":{"allow":["GET"]}}],"collection":[{"href":"https:\/\/www.afaprogres.cat\/web\/wp-json\/wp\/v2\/pages"}],"about":[{"href":"https:\/\/www.afaprogres.cat\/web\/wp-json\/wp\/v2\/types\/page"}],"author":[{"embeddable":true,"href":"https:\/\/www.afaprogres.cat\/web\/wp-json\/wp\/v2\/users\/11"}],"replies":[{"embeddable":true,"href":"https:\/\/www.afaprogres.cat\/web\/wp-json\/wp\/v2\/comments?post=8609"}],"version-history":[{"count":4,"href":"https:\/\/www.afaprogres.cat\/web\/wp-json\/wp\/v2\/pages\/8609\/revisions"}],"predecessor-version":[{"id":8661,"href":"https:\/\/www.afaprogres.cat\/web\/wp-json\/wp\/v2\/pages\/8609\/revisions\/8661"}],"wp:attachment":[{"href":"https:\/\/www.afaprogres.cat\/web\/wp-json\/wp\/v2\/media?parent=8609"}],"curies":[{"name":"wp","href":"https:\/\/api.w.org\/{rel}","templated":true}]}}

<p class="has-normal-font-size">La <strong>vocalia de mobilitat</strong> s’encarrega de fomentar que els infants i joves facin el seu <strong>camí cap a l’escola de la manera més autònoma i segura</strong> possible.</p>



<p class="has-normal-font-size">Atès que els infants i joves normalment viuen en un radi de proximitat de l’escola, cal aconseguir que es desplacin de manera autònoma i a peu o evitant l’ús del transport motoritzat en el màxim de situacions possibles.<br>Per això s’ha d’assolir un model de <strong>mobilitat més sostenible i de respecte als infants i joves</strong> <strong>com a ciutadans</strong>. Són ells els ciutadans de demà i els hàbits que adquireixin determinaran en bona mesura els hàbits que tindran a la vida adulta. No se’ls pot deixar de banda, tenen dret a conèixer quins son els seus drets.</p>



<p class="has-normal-font-size">Algunes de les vies d’actuació a desenvolupar són:<br>● anar cap a una <strong>pacificació</strong> de l&#8217;entorn de l&#8217;escola<br>● establir <strong>contactes </strong>amb les<strong> escoles i instituts</strong> veïns<br>● seguir conformant els <strong>Camins Escolars</strong> i que tinguin un impacte més directe en el trànsit<br>● promoure testos de la <strong>qualitat de l’aire i soroll </strong>a l’entorn de l’escola<br>● estimular activitats d’<strong>educació viària</strong> també per a famílies<br>● A causa de la <strong>Covid-19</strong> , l’escola ha hagut de prendre mesures<br>excepcionals per a minimitzar el risc de contagi com ara obrir tots els accessos de l’edifici per a fer possible l’entrada i sortida esglaonada dels alumnes. Aquestes mesures han evidenciat alguns <strong>punts conflictius</strong> amb els que estem treballant:<br>accessos, vials, aparcament bicicletes, pilones, revisió de la senyalització…</p>



<p class="has-normal-font-size">Bona part de l&#8217;èxit de les actuacions depèn de la corresponsabilitat dels diferents agents implicats: Ajuntament, comerciants, veïnat, entitats, escoles i famílies.</p>



<p class="has-normal-font-size">La vocalia de mobilitat és formada per un equip de mares i pares que treballen per a la seguretat i autonomia dels infants i joves.</p>

<p>La vocalia de mobilitat s’encarrega de fomentar que els infants i joves facin el seu camí cap a l’escola de la manera més autònoma i segura possible. Atès que els infants i joves normalment viuen en un radi de proximitat&#8230;</p>
