{"id":4415,"date":"2014-09-23T23:41:57","date_gmt":"2014-09-23T21:41:57","guid":{"rendered":"http:\/\/www.afaprogres.cat\/?page_id=4415"},"modified":"2025-07-06T15:26:34","modified_gmt":"2025-07-06T13:26:34","slug":"activitats-per-adults","status":"publish","type":"page","link":"https:\/\/www.afaprogres.cat\/web\/activitats-per-adults\/","title":{"rendered":"Activitats per adults 2025-26"},"content":{"rendered":"<p>Des de l\u2019Afa organitzem aquestes activitas per a pares, mares i ve\u00efns del barri que vulguin venir a moure el cos i la ment.<\/p>\n<p>Per a m\u00e9s informaci\u00f3 podeu contactar directament amb els tel\u00e8fons indicats.<\/p>\n<p>Des del despatx del Ampa no gestionem les extraescolars d\u2019adults.<\/p>\n<p>Inscripcions i pagament a l\u2019inici de cada activitat, amb el seu responsable.<\/p>\n<p>&nbsp;<\/p>\n<h4>VINYASA IOGA:<\/h4>\n<p>Coneixerem el Ioga a trav\u00e9s d\u2019una pr\u00e0ctica din\u00e0mica que uneix el moviment i la respiraci\u00f3 al llarg de seq\u00fc\u00e8ncies de postures enlla\u00e7ades.<br \/>\nTreballarem la for\u00e7a, l\u2019equilibri, la flexibilitat, la respiraci\u00f3, la postura i l\u2019atenci\u00f3 plena a trav\u00e9s<br \/>\nd\u2019asanes (postures de ioga) de tots els nivells. A m\u00e9s, la pr\u00e0ctica de ioga redueix l&#8217;estr\u00e8s i l&#8217;ansietat, enforteix m\u00fasculs, ossos i articulacions, regula el pes corporal, alleuja dolors cr\u00f2nics, millora la tensi\u00f3 arterial, refor\u00e7a el sistema immune, millora la concentraci\u00f3 i aporta pau interior&#8230; ideal per acabar b\u00e9 el dia afavorint el son reparador. Proveu una classe gratu\u00efta, us encantar\u00e0.<br \/>\nEs pot combinar amb les classes de Pilates.<br \/>\nDies: Dilluns i Dimecres de 20 a 21h.<br \/>\nPreu:<\/p>\n<p>1 DIA 30,12\u20ac<br \/>\n2 DIES 34,28\u20ac<br \/>\nM\u00ednim inscrits per comen\u00e7ar: 8 alumnes<br \/>\nM\u00e0xim d\u2019alumnes inscrits: 22 alumnes<br \/>\nLloc: Escola Progr\u00e9s<br \/>\nProfessora: Susanna van Oosterzee I @yogaVanZee \u2013 607312204<\/p>\n<p>&nbsp;<\/p>\n<h4>PILATES:<\/h4>\n<p>\u00c9s tracta d\u2019una disciplina esportiva\u00a0de baix impact\u00a0que combina t\u00e8cniques de gimn\u00e0stica cl\u00e0ssica i de ioga. En poques sessions aconseguirem enfortir el cos des de la musculatura m\u00e9s profunda a la m\u00e9s superficial, millorar la postura i el moviment de la columna vertebral, guanyar flexibilitat i treballar la concentraci\u00f3 i la respiraci\u00f3,\u00a0aix\u00ed com modelar i tonificar el cos.\u00a0Pots tastar una classe gratu\u00efta sense comprom\u00eds, i tamb\u00e9\u00a0combinar amb les classes de Vinyasa Ioga,\u00a0molt recomanable.<\/p>\n<p><strong>Dies<\/strong>: Dilluns i Dimecres de 18:45 a 19:45h.<br \/>\n<strong>Preu<\/strong>: 1 DIA 30.12\u20ac | 2 DIES 34.28\u20ac\u20ac<br \/>\n<strong>Lloc<\/strong>: Escola Progr\u00e9s<br \/>\n<strong>Professora<\/strong>:\u00a0Susanna van Oosterzee I @yogaVanZee &#8211; 607312204<\/p>\n<p><strong>M\u00ednim inscrits per comen\u00e7ar<\/strong>: 8alumnes<br \/>\n<strong>M\u00e0xim d\u2019alumnes inscrits<\/strong>: 22 alumnes<\/p>\n<p>Susanna \u00e9s professora de Ioga i Pilates, titulada en Ashtanga, Hatha i Vinyasa Ioga a la India, amb m\u00e9s de 10 anys d\u2019experi\u00e8ncia. Tamb\u00e9 \u00e9s oste\u00f2pata, quiromassatgista, i terapeuta en Massatge Thai, formada a Tail\u00e0ndia, \u00cdndia i Catalunya.<\/p>\n<p>&nbsp;<\/p>\n<h4>ZUMBA:<\/h4>\n<p>Activitat de ball i exercici f\u00edsic basada en ritmes llatins i internacionals. Combina moviments<br \/>\naer\u00f2bics amb coreografies senzilles i divertides, ideal per posar-se en forma, cremar calories i<br \/>\nalliberar estr\u00e8s mentre es balla.<br \/>\nUna manera din\u00e0mica i molt amena de fer esport i cuidar-se.<\/p>\n<p><strong>Dies<\/strong>: Dimarts i Dijous de 20 a 21h<br \/>\n<strong>Preu<\/strong>: 1 DIA 22,84\u20ac | 2 DIES 28,04\u20ac<br \/>\n<strong>Lloc<\/strong>: Escola Progr\u00e9s<\/p>\n<p><strong>M\u00ednim inscrits per comen\u00e7ar<\/strong>: 8alumnes<br \/>\n<strong>M\u00e0xim d\u2019alumnes inscrits<\/strong>: 22 alumnes<\/p>\n<h4>TONIFICACI\u00d3:<\/h4>\n<p>Activitat dirigida pensada per millorar la condici\u00f3 f\u00edsica mitjan\u00e7ant exercicis suaus i moderats de<br \/>\ntonificaci\u00f3 muscular. Es treballen diferents grups musculars amb materials diversos (peses, gomes, pilotes&#8230;) i es combina amb estiraments i exercicis de mobilitat. Ideal per mantenir-se actiu, millorar la postura, guanyar for\u00e7a i sentir-se millor en el dia a dia.<\/p>\n<p><strong>Dies<\/strong>: Dimarts i Dijous de 19 a 20h<br \/>\n<strong>Preu<\/strong>: 1 DIA 22,84\u20ac | 2 DIES 28,04\u20ac<br \/>\n<strong>Lloc<\/strong>: Escola Progr\u00e9s<\/p>\n<p><strong>M\u00ednim inscrits per comen\u00e7ar<\/strong>: 8 alumnes<br \/>\n<strong>M\u00e0xim d\u2019alumnes inscrits<\/strong>: 22 alumnes<\/p>\n<p>&nbsp;<\/p>\n<p>Si no sou pares\/mares de l\u2019escola hi ha un suplent de 2\u20ac\/mes en els rebuts<\/p>\n<p>INSCRIPCIONS -&gt; <a href=\"https:\/\/www.artiesport.cat\/\">ACTIVITATS PER ADULTS<\/a><br \/>\n<a class=\"customize-unpreviewable\" href=\"https:\/\/www.afaprogres.cat\/web\/wp-content\/uploads\/artiesport_compressed.pdf\">Llibret amb m\u00e9s informaci\u00f3\u00a0<\/a><\/p>\n","protected":false},"excerpt":{"rendered":"<p>Des de l\u2019Afa organitzem aquestes activitas per a pares, mares i ve\u00efns del barri que vulguin venir a moure el cos i la ment. Per a m\u00e9s informaci\u00f3 podeu contactar directament amb els tel\u00e8fons indicats. Des del despatx del Ampa&#8230;<\/p>\n","protected":false},"author":17,"featured_media":0,"parent":0,"menu_order":0,"comment_status":"closed","ping_status":"closed","template":"","meta":{"footnotes":""},"class_list":["post-4415","page","type-page","status-publish","hentry"],"post_mailing_queue_ids":[],"_links":{"self":[{"href":"https:\/\/www.afaprogres.cat\/web\/wp-json\/wp\/v2\/pages\/4415","targetHints":{"allow":["GET"]}}],"collection":[{"href":"https:\/\/www.afaprogres.cat\/web\/wp-json\/wp\/v2\/pages"}],"about":[{"href":"https:\/\/www.afaprogres.cat\/web\/wp-json\/wp\/v2\/types\/page"}],"author":[{"embeddable":true,"href":"https:\/\/www.afaprogres.cat\/web\/wp-json\/wp\/v2\/users\/17"}],"replies":[{"embeddable":true,"href":"https:\/\/www.afaprogres.cat\/web\/wp-json\/wp\/v2\/comments?post=4415"}],"version-history":[{"count":73,"href":"https:\/\/www.afaprogres.cat\/web\/wp-json\/wp\/v2\/pages\/4415\/revisions"}],"predecessor-version":[{"id":10601,"href":"https:\/\/www.afaprogres.cat\/web\/wp-json\/wp\/v2\/pages\/4415\/revisions\/10601"}],"wp:attachment":[{"href":"https:\/\/www.afaprogres.cat\/web\/wp-json\/wp\/v2\/media?parent=4415"}],"curies":[{"name":"wp","href":"https:\/\/api.w.org\/{rel}","templated":true}]}}

<p>Des de l’Afa organitzem aquestes activitas per a pares, mares i veïns del barri que vulguin venir a moure el cos i la ment.</p>
<p>Per a més informació podeu contactar directament amb els telèfons indicats.</p>
<p>Des del despatx del Ampa no gestionem les extraescolars d’adults.</p>
<p>Inscripcions i pagament a l’inici de cada activitat, amb el seu responsable.</p>
<p>&nbsp;</p>
<h4>VINYASA IOGA:</h4>
<p>Coneixerem el Ioga a través d’una pràctica dinàmica que uneix el moviment i la respiració al llarg de seqüències de postures enllaçades.<br />
Treballarem la força, l’equilibri, la flexibilitat, la respiració, la postura i l’atenció plena a través<br />
d’asanes (postures de ioga) de tots els nivells. A més, la pràctica de ioga redueix l&#8217;estrès i l&#8217;ansietat, enforteix músculs, ossos i articulacions, regula el pes corporal, alleuja dolors crònics, millora la tensió arterial, reforça el sistema immune, millora la concentració i aporta pau interior&#8230; ideal per acabar bé el dia afavorint el son reparador. Proveu una classe gratuïta, us encantarà.<br />
Es pot combinar amb les classes de Pilates.<br />
Dies: Dilluns i Dimecres de 20 a 21h.<br />
Preu:</p>
<p>1 DIA 30,12€<br />
2 DIES 34,28€<br />
Mínim inscrits per començar: 8 alumnes<br />
Màxim d’alumnes inscrits: 22 alumnes<br />
Lloc: Escola Progrés<br />
Professora: Susanna van Oosterzee I @yogaVanZee – 607312204</p>
<p>&nbsp;</p>
<h4>PILATES:</h4>
<p>És tracta d’una disciplina esportiva de baix impact que combina tècniques de gimnàstica clàssica i de ioga. En poques sessions aconseguirem enfortir el cos des de la musculatura més profunda a la més superficial, millorar la postura i el moviment de la columna vertebral, guanyar flexibilitat i treballar la concentració i la respiració, així com modelar i tonificar el cos. Pots tastar una classe gratuïta sense compromís, i també combinar amb les classes de Vinyasa Ioga, molt recomanable.</p>
<p><strong>Dies</strong>: Dilluns i Dimecres de 18:45 a 19:45h.<br />
<strong>Preu</strong>: 1 DIA 30.12€ | 2 DIES 34.28€€<br />
<strong>Lloc</strong>: Escola Progrés<br />
<strong>Professora</strong>: Susanna van Oosterzee I @yogaVanZee &#8211; 607312204</p>
<p><strong>Mínim inscrits per començar</strong>: 8alumnes<br />
<strong>Màxim d’alumnes inscrits</strong>: 22 alumnes</p>
<p>Susanna és professora de Ioga i Pilates, titulada en Ashtanga, Hatha i Vinyasa Ioga a la India, amb més de 10 anys d’experiència. També és osteòpata, quiromassatgista, i terapeuta en Massatge Thai, formada a Tailàndia, Índia i Catalunya.</p>
<p>&nbsp;</p>
<h4>ZUMBA:</h4>
<p>Activitat de ball i exercici físic basada en ritmes llatins i internacionals. Combina moviments<br />
aeròbics amb coreografies senzilles i divertides, ideal per posar-se en forma, cremar calories i<br />
alliberar estrès mentre es balla.<br />
Una manera dinàmica i molt amena de fer esport i cuidar-se.</p>
<p><strong>Dies</strong>: Dimarts i Dijous de 20 a 21h<br />
<strong>Preu</strong>: 1 DIA 22,84€ | 2 DIES 28,04€<br />
<strong>Lloc</strong>: Escola Progrés</p>
<p><strong>Mínim inscrits per començar</strong>: 8alumnes<br />
<strong>Màxim d’alumnes inscrits</strong>: 22 alumnes</p>
<h4>TONIFICACIÓ:</h4>
<p>Activitat dirigida pensada per millorar la condició física mitjançant exercicis suaus i moderats de<br />
tonificació muscular. Es treballen diferents grups musculars amb materials diversos (peses, gomes, pilotes&#8230;) i es combina amb estiraments i exercicis de mobilitat. Ideal per mantenir-se actiu, millorar la postura, guanyar força i sentir-se millor en el dia a dia.</p>
<p><strong>Dies</strong>: Dimarts i Dijous de 19 a 20h<br />
<strong>Preu</strong>: 1 DIA 22,84€ | 2 DIES 28,04€<br />
<strong>Lloc</strong>: Escola Progrés</p>
<p><strong>Mínim inscrits per començar</strong>: 8 alumnes<br />
<strong>Màxim d’alumnes inscrits</strong>: 22 alumnes</p>
<p>&nbsp;</p>
<p>Si no sou pares/mares de l’escola hi ha un suplent de 2€/mes en els rebuts</p>
<p>INSCRIPCIONS -&gt; <a href="https://www.artiesport.cat/">ACTIVITATS PER ADULTS</a><br />
<a class="customize-unpreviewable" href="https://www.afaprogres.cat/web/wp-content/uploads/artiesport_compressed.pdf">Llibret amb més informació </a></p>

<p>Des de l’Afa organitzem aquestes activitas per a pares, mares i veïns del barri que vulguin venir a moure el cos i la ment. Per a més informació podeu contactar directament amb els telèfons indicats. Des del despatx del Ampa&#8230;</p>
