{"id":317,"date":"2013-04-15T22:11:46","date_gmt":"2013-04-15T22:11:46","guid":{"rendered":"http:\/\/ampaprogres.topcommerce.es\/?page_id=317"},"modified":"2025-03-23T18:30:29","modified_gmt":"2025-03-23T17:30:29","slug":"menjador","status":"publish","type":"page","link":"https:\/\/www.afaprogres.cat\/web\/menjador\/","title":{"rendered":"Menjador"},"content":{"rendered":"<p>Ens dirigim a vosaltres per donar-vos la benvinguda al servei de menjador de l\u2019Escola Progr\u00e9s. Com sabeu, aquest \u00e9s el nostre primer any a l\u2019escola i estem a la vostra disposici\u00f3 per a qualsevol dubte o consulta.<br \/>\nAgrair a les fam\u00edlies que ja heu formalitzat la inscripci\u00f3, i els que encara no heu fet i voleu gaudir del servei des del primer dia d\u2019escola, podeu fer-ho de la seg\u00fcent manera:<\/p>\n<p>1.- Podeu entrar al seg\u00fcent enlla\u00e7 i seguir les indicacions per a poder fer la inscripci\u00f3.<br \/>\n<a href=\"https:\/\/www.develoopers.cat\/ambit\/infop\/login.php\" target=\"_blank\" rel=\"noopener\">https:\/\/www.develoopers.cat\/ambit\/infop\/login.php<\/a><\/p>\n<p>2.- Mitjan\u00e7ant el nostre correu electr\u00f2nic:<br \/>\n<a href=\"mailto:progresmenjador@gmail.com\" target=\"_blank\" rel=\"noopener\">progresmenjador@gmail.com<\/a><\/p>\n<p>3.- O presencialment a les oficines d\u2019\u00c0mbit escola:<br \/>\nC\/ Via Augusta, 43 de Badalona (al costat del Museu)<\/p>\n<p>Per a qualsevol dubte, us podeu posar en contacte amb nosaltres als seg\u00fcents tel\u00e8fons:<br \/>\n652768051 (Tel\u00e8fon del menjador de l\u2019escola on us atendr\u00e0 Susana, coordinadora del servei)<br \/>\n671248362 o 931584918 (Tel\u00e8fon de l\u2019administraci\u00f3 d\u2019\u00c0mbit escola)<\/p>\n<p>Per endavant, us volem agrair la vostra confian\u00e7a, estem a la vostra disposici\u00f3, i us desitgem un bon inici de curs.<\/p>\n<p>Atentament,<\/p>\n<p>\u00c0MBIT ESCOLA<\/p>\n","protected":false},"excerpt":{"rendered":"<p>Ens dirigim a vosaltres per donar-vos la benvinguda al servei de menjador de l\u2019Escola Progr\u00e9s. Com sabeu, aquest \u00e9s el nostre primer any a l\u2019escola i estem a la vostra disposici\u00f3 per a qualsevol dubte o consulta. Agrair a les&#8230;<\/p>\n","protected":false},"author":9,"featured_media":0,"parent":0,"menu_order":0,"comment_status":"open","ping_status":"closed","template":"","meta":{"footnotes":""},"class_list":["post-317","page","type-page","status-publish","hentry"],"post_mailing_queue_ids":[],"_links":{"self":[{"href":"https:\/\/www.afaprogres.cat\/web\/wp-json\/wp\/v2\/pages\/317","targetHints":{"allow":["GET"]}}],"collection":[{"href":"https:\/\/www.afaprogres.cat\/web\/wp-json\/wp\/v2\/pages"}],"about":[{"href":"https:\/\/www.afaprogres.cat\/web\/wp-json\/wp\/v2\/types\/page"}],"author":[{"embeddable":true,"href":"https:\/\/www.afaprogres.cat\/web\/wp-json\/wp\/v2\/users\/9"}],"replies":[{"embeddable":true,"href":"https:\/\/www.afaprogres.cat\/web\/wp-json\/wp\/v2\/comments?post=317"}],"version-history":[{"count":30,"href":"https:\/\/www.afaprogres.cat\/web\/wp-json\/wp\/v2\/pages\/317\/revisions"}],"predecessor-version":[{"id":10351,"href":"https:\/\/www.afaprogres.cat\/web\/wp-json\/wp\/v2\/pages\/317\/revisions\/10351"}],"wp:attachment":[{"href":"https:\/\/www.afaprogres.cat\/web\/wp-json\/wp\/v2\/media?parent=317"}],"curies":[{"name":"wp","href":"https:\/\/api.w.org\/{rel}","templated":true}]}}