{"id":2868,"date":"2014-01-10T12:44:43","date_gmt":"2014-01-10T11:44:43","guid":{"rendered":"http:\/\/www.afaprogres.cat\/?page_id=2868"},"modified":"2025-11-21T11:36:47","modified_gmt":"2025-11-21T10:36:47","slug":"escacs","status":"publish","type":"page","link":"https:\/\/www.afaprogres.cat\/web\/extraescolars2526\/escacs\/","title":{"rendered":"Escacs"},"content":{"rendered":"<p>T\u2019agrada jugar i pensar com un veritable mestre d\u2019escacs?<\/p>\n<p>No perdis l\u2019oportunitat de participar a la nostra extraescolar d\u2019Escacs, organitzada per Cor de Marina Badalona!<\/p>\n<p>Aquesta activitat est\u00e0 pensada especialment per a nenes i nens de 1r a 6\u00e8 de prim\u00e0ria que vulguin descobrir el m\u00f3n dels escacs, millorar la seva capacitat de concentraci\u00f3 i estrat\u00e8gia.<\/p>\n<p>Aprendr\u00e0s amb monitors qualificats en un ambient divertit i estimulant, on podr\u00e0s jugar, competir i compartir moments amb els teus companys. No importa si encara no saps jugar o si ja en tens experi\u00e8ncia, tothom ser\u00e0 benvingut!<\/p>\n<p>Inscriu-te ara i vine a descobrir per tu mateix tot el que els escacs poden oferir-te.<br \/>\nT\u2019esperem per comen\u00e7ar aquesta aventura estrat\u00e8gica junts!<\/p>\n<p>Cor de Marina Badalona &#8211; didac.dominguez@gmail.com<\/p>\n<p>INSCRIPCIONS -&gt; <a href=\"https:\/\/docs.google.com\/forms\/d\/e\/1FAIpQLSedhvSxRDbJNyi6sqjnhSQ2QW189JFxkN4T9Nt5Vsb3NHRL1Q\/viewform?usp=dialog\">ESCACS<\/a><br \/>\n<a href=\"https:\/\/www.afaprogres.cat\/web\/wp-content\/uploads\/ESCACS-COR-DE-MARINA_def.pdf\">Llibret amb m\u00e9s informaci\u00f3\u00a0<\/a><\/p>\n","protected":false},"excerpt":{"rendered":"<p>T\u2019agrada jugar i pensar com un veritable mestre d\u2019escacs? No perdis l\u2019oportunitat de participar a la nostra extraescolar d\u2019Escacs, organitzada per Cor de Marina Badalona! Aquesta activitat est\u00e0 pensada especialment per a nenes i nens de 1r a 6\u00e8 de&#8230;<\/p>\n","protected":false},"author":17,"featured_media":9141,"parent":2904,"menu_order":0,"comment_status":"closed","ping_status":"closed","template":"","meta":{"footnotes":""},"class_list":["post-2868","page","type-page","status-publish","has-post-thumbnail","hentry"],"post_mailing_queue_ids":[],"_links":{"self":[{"href":"https:\/\/www.afaprogres.cat\/web\/wp-json\/wp\/v2\/pages\/2868","targetHints":{"allow":["GET"]}}],"collection":[{"href":"https:\/\/www.afaprogres.cat\/web\/wp-json\/wp\/v2\/pages"}],"about":[{"href":"https:\/\/www.afaprogres.cat\/web\/wp-json\/wp\/v2\/types\/page"}],"author":[{"embeddable":true,"href":"https:\/\/www.afaprogres.cat\/web\/wp-json\/wp\/v2\/users\/17"}],"replies":[{"embeddable":true,"href":"https:\/\/www.afaprogres.cat\/web\/wp-json\/wp\/v2\/comments?post=2868"}],"version-history":[{"count":36,"href":"https:\/\/www.afaprogres.cat\/web\/wp-json\/wp\/v2\/pages\/2868\/revisions"}],"predecessor-version":[{"id":10680,"href":"https:\/\/www.afaprogres.cat\/web\/wp-json\/wp\/v2\/pages\/2868\/revisions\/10680"}],"up":[{"embeddable":true,"href":"https:\/\/www.afaprogres.cat\/web\/wp-json\/wp\/v2\/pages\/2904"}],"wp:featuredmedia":[{"embeddable":true,"href":"https:\/\/www.afaprogres.cat\/web\/wp-json\/wp\/v2\/media\/9141"}],"wp:attachment":[{"href":"https:\/\/www.afaprogres.cat\/web\/wp-json\/wp\/v2\/media?parent=2868"}],"curies":[{"name":"wp","href":"https:\/\/api.w.org\/{rel}","templated":true}]}}