{"id":2804,"date":"2014-01-04T11:50:09","date_gmt":"2014-01-04T10:50:09","guid":{"rendered":"http:\/\/www.afaprogres.cat\/?page_id=2804"},"modified":"2025-07-05T12:16:37","modified_gmt":"2025-07-05T10:16:37","slug":"patinatge","status":"publish","type":"page","link":"https:\/\/www.afaprogres.cat\/web\/extraescolars2526\/patinatge\/","title":{"rendered":"Patinatge"},"content":{"rendered":"<p>Descobreix la diversi\u00f3 i l&#8217;emoci\u00f3 de patinar amb l&#8217;extraescolar de patinatge de Diverjoc!<\/p>\n<p>Una oportunitat \u00fanica perqu\u00e8 nenes i nens de I5 fins a 6\u00e8 aprenguin a patinar d&#8217;una manera segura, divertida i amena.<\/p>\n<p>Amb monitors experts i activitats adaptades a totes les edats, els teus fills gaudiran de sessions plenes de moviment, amistat i aprenentatge.<\/p>\n<p>No deixis passar aquesta oportunitat de desenvolupar habilitats, potenciar la confian\u00e7a i passar-ho genial!<\/p>\n<p>Inscriu-te ja i vine a patinar amb nosaltres!<\/p>\n<p>www.diverjoc.net &#8211; inscripcions@diverjoc.net<\/p>\n<p>INCRIPCIONS -&gt;<a href=\"https:\/\/diverjoc.net\/module\/myfamily\/inscripcions?id_school=escola-progres\">PATINATGE<\/a><\/p>\n<p><a href=\"https:\/\/www.afaprogres.cat\/web\/wp-content\/uploads\/diverjoc.pdf\">Llibret amb m\u00e9s informaci\u00f3\u00a0<\/a><\/p>\n","protected":false},"excerpt":{"rendered":"<p>Descobreix la diversi\u00f3 i l&#8217;emoci\u00f3 de patinar amb l&#8217;extraescolar de patinatge de Diverjoc! Una oportunitat \u00fanica perqu\u00e8 nenes i nens de I5 fins a 6\u00e8 aprenguin a patinar d&#8217;una manera segura, divertida i amena. Amb monitors experts i activitats adaptades&#8230;<\/p>\n","protected":false},"author":17,"featured_media":9153,"parent":2904,"menu_order":0,"comment_status":"closed","ping_status":"closed","template":"","meta":{"footnotes":""},"class_list":["post-2804","page","type-page","status-publish","has-post-thumbnail","hentry"],"post_mailing_queue_ids":[],"_links":{"self":[{"href":"https:\/\/www.afaprogres.cat\/web\/wp-json\/wp\/v2\/pages\/2804","targetHints":{"allow":["GET"]}}],"collection":[{"href":"https:\/\/www.afaprogres.cat\/web\/wp-json\/wp\/v2\/pages"}],"about":[{"href":"https:\/\/www.afaprogres.cat\/web\/wp-json\/wp\/v2\/types\/page"}],"author":[{"embeddable":true,"href":"https:\/\/www.afaprogres.cat\/web\/wp-json\/wp\/v2\/users\/17"}],"replies":[{"embeddable":true,"href":"https:\/\/www.afaprogres.cat\/web\/wp-json\/wp\/v2\/comments?post=2804"}],"version-history":[{"count":31,"href":"https:\/\/www.afaprogres.cat\/web\/wp-json\/wp\/v2\/pages\/2804\/revisions"}],"predecessor-version":[{"id":10542,"href":"https:\/\/www.afaprogres.cat\/web\/wp-json\/wp\/v2\/pages\/2804\/revisions\/10542"}],"up":[{"embeddable":true,"href":"https:\/\/www.afaprogres.cat\/web\/wp-json\/wp\/v2\/pages\/2904"}],"wp:featuredmedia":[{"embeddable":true,"href":"https:\/\/www.afaprogres.cat\/web\/wp-json\/wp\/v2\/media\/9153"}],"wp:attachment":[{"href":"https:\/\/www.afaprogres.cat\/web\/wp-json\/wp\/v2\/media?parent=2804"}],"curies":[{"name":"wp","href":"https:\/\/api.w.org\/{rel}","templated":true}]}}