{"id":10328,"date":"2025-03-14T23:57:57","date_gmt":"2025-03-14T22:57:57","guid":{"rendered":"https:\/\/www.afaprogres.cat\/web\/?page_id=10328"},"modified":"2026-03-10T14:43:57","modified_gmt":"2026-03-10T13:43:57","slug":"vocalies","status":"publish","type":"page","link":"https:\/\/www.afaprogres.cat\/web\/vocalies\/","title":{"rendered":"Vocalies"},"content":{"rendered":"<p><img loading=\"lazy\" decoding=\"async\" class=\"wp-image-10321 alignleft\" src=\"https:\/\/www.afaprogres.cat\/web\/wp-content\/uploads\/festes-300x300.png\" alt=\"\" width=\"164\" height=\"164\" srcset=\"https:\/\/www.afaprogres.cat\/web\/wp-content\/uploads\/festes-300x300.png 300w, https:\/\/www.afaprogres.cat\/web\/wp-content\/uploads\/festes-1024x1024.png 1024w, https:\/\/www.afaprogres.cat\/web\/wp-content\/uploads\/festes-150x150.png 150w, https:\/\/www.afaprogres.cat\/web\/wp-content\/uploads\/festes-768x769.png 768w, https:\/\/www.afaprogres.cat\/web\/wp-content\/uploads\/festes.png 1052w\" sizes=\"auto, (max-width: 164px) 100vw, 164px\" \/><strong>VOCALIA DE FESTES<\/strong><\/p>\n<p>Amb il\u00b7lusi\u00f3 i creativitat, muntem saraus plens d&#8217;activitats i sorpreses perqu\u00e8 cada moment viscut a l&#8217;escola sigui especial!<br \/>\nOrganitzem, entre d\u2019altres, les festes de la Castanyada, del Carnestoltes, de l\u2019Esport i de final de curs. El nostre objectiu \u00e9s compartir i fomentar l&#8217;esperit de comunitat, implicant tant l&#8217;alumnat com les fam\u00edlies.<\/p>\n<p>Representant de la vocalia: <strong>Sandra Tallan<\/strong>\u00a0<u><a href=\"mailto:festes@afaprogres.cat\">festes@afaprogres.cat<\/a><\/u><\/p>\n<p><strong><img loading=\"lazy\" decoding=\"async\" class=\"wp-image-10316 alignright\" src=\"https:\/\/www.afaprogres.cat\/web\/wp-content\/uploads\/Comunicacio-300x300.png\" alt=\"\" width=\"164\" height=\"164\" srcset=\"https:\/\/www.afaprogres.cat\/web\/wp-content\/uploads\/Comunicacio-300x300.png 300w, https:\/\/www.afaprogres.cat\/web\/wp-content\/uploads\/Comunicacio-1024x1024.png 1024w, https:\/\/www.afaprogres.cat\/web\/wp-content\/uploads\/Comunicacio-150x150.png 150w, https:\/\/www.afaprogres.cat\/web\/wp-content\/uploads\/Comunicacio-768x769.png 768w, https:\/\/www.afaprogres.cat\/web\/wp-content\/uploads\/Comunicacio.png 1052w\" sizes=\"auto, (max-width: 164px) 100vw, 164px\" \/>VOCALIA DE COMUNICACI\u00d3<br \/>\n<\/strong><br \/>\nSom els responsables de crear i difondre tota la informaci\u00f3 rellevant per a les fam\u00edlies. Ens encarreguem de redactar comunicats, gestionar la comunicaci\u00f3 a trav\u00e9s de xarxes socials i mantenir actualitzada la p\u00e0gina web.<br \/>\nEl nostre objectiu \u00e9s assegurar que totes les fam\u00edlies estiguin informades de les activitats i novetats de l&#8217;AFA.<\/p>\n<p>Representant de la vocalia: <strong>Elena Pip\u00f3<\/strong> <u><a href=\"mailto:comunicacio@afaprofres.cat\">comunicacio@afaprofres.cat<\/a><\/u><\/p>\n<p><strong><img loading=\"lazy\" decoding=\"async\" class=\" wp-image-10315 alignleft\" src=\"https:\/\/www.afaprogres.cat\/web\/wp-content\/uploads\/Casals-300x300.png\" alt=\"\" width=\"164\" height=\"164\" srcset=\"https:\/\/www.afaprogres.cat\/web\/wp-content\/uploads\/Casals-300x300.png 300w, https:\/\/www.afaprogres.cat\/web\/wp-content\/uploads\/Casals-1024x1024.png 1024w, https:\/\/www.afaprogres.cat\/web\/wp-content\/uploads\/Casals-150x150.png 150w, https:\/\/www.afaprogres.cat\/web\/wp-content\/uploads\/Casals-768x769.png 768w, https:\/\/www.afaprogres.cat\/web\/wp-content\/uploads\/Casals.png 1052w\" sizes=\"auto, (max-width: 164px) 100vw, 164px\" \/><\/strong><\/p>\n<p><strong><br \/>\nVOCALIA DE CASALS<br \/>\n<\/strong><br \/>\nCoordinem el casal d\u2019estiu de l\u2019escola a trav\u00e9s de l\u2019empresa Diverjoc.<\/p>\n<p>Representant de la vocalia: <strong>Jennifer Pino<\/strong>\u00a0\u00a0<u><a href=\"mailto:casals@afaprogres.cat\">casals@afaprogres.cat<\/a><\/u><\/p>\n<p>&nbsp;<\/p>\n<p><strong>VOCALIA DE FAM\u00cdLIES<\/strong><img loading=\"lazy\" decoding=\"async\" class=\"wp-image-10320 alignright\" style=\"font-weight: bold;\" src=\"https:\/\/www.afaprogres.cat\/web\/wp-content\/uploads\/Families-1-300x300.png\" alt=\"\" width=\"164\" height=\"164\" srcset=\"https:\/\/www.afaprogres.cat\/web\/wp-content\/uploads\/Families-1-300x300.png 300w, https:\/\/www.afaprogres.cat\/web\/wp-content\/uploads\/Families-1-1024x1024.png 1024w, https:\/\/www.afaprogres.cat\/web\/wp-content\/uploads\/Families-1-150x150.png 150w, https:\/\/www.afaprogres.cat\/web\/wp-content\/uploads\/Families-1-768x769.png 768w, https:\/\/www.afaprogres.cat\/web\/wp-content\/uploads\/Families-1.png 1052w\" sizes=\"auto, (max-width: 164px) 100vw, 164px\" \/><\/p>\n<p>Ens dediquem a crear un espai de col\u00b7laboraci\u00f3 i suport entre les fam\u00edlies de l&#8217;escola. Organitzem activitats, xerrades i tallers que aborden temes rellevants per a l&#8217;educaci\u00f3 i el benestar dels nostres fills per fomentar un ambient de comunitat i implicaci\u00f3. La nostra missi\u00f3 \u00e9s acompanyar les fam\u00edlies en el seu cam\u00ed educatiu i facilitar recursos i estrat\u00e8gies que ajudin a desenvolupar el potencial de cada infant.<\/p>\n<p>Representant de la vocalia: <strong>Maria Navarro<\/strong> <u><a href=\"mailto:families@afaprogres.cat\">families@afaprogres.cat<\/a><\/u><\/p>\n<p>&nbsp;<\/p>\n<p><strong><img loading=\"lazy\" decoding=\"async\" class=\" wp-image-10322 alignleft\" src=\"https:\/\/www.afaprogres.cat\/web\/wp-content\/uploads\/Gegants-300x300.png\" alt=\"\" width=\"164\" height=\"164\" srcset=\"https:\/\/www.afaprogres.cat\/web\/wp-content\/uploads\/Gegants-300x300.png 300w, https:\/\/www.afaprogres.cat\/web\/wp-content\/uploads\/Gegants-1024x1024.png 1024w, https:\/\/www.afaprogres.cat\/web\/wp-content\/uploads\/Gegants-150x150.png 150w, https:\/\/www.afaprogres.cat\/web\/wp-content\/uploads\/Gegants-768x769.png 768w, https:\/\/www.afaprogres.cat\/web\/wp-content\/uploads\/Gegants.png 1052w\" sizes=\"auto, (max-width: 164px) 100vw, 164px\" \/><br \/>\nVOCALIA DE GEGANTS<br \/>\n<\/strong><br \/>\nCuidem dels gegants de l\u2019escola i\u00a0participem activament a les rues i cercaviles infantils de la nostra ciutat. Fomentem l&#8217;amistat i la diversi\u00f3 mentre compartim la m\u00e0gia dels nostres gegants amb la comunitat<\/p>\n<p>Representant de la vocalia: <strong>Carolina Pe\u00f1a<\/strong>\u00a0<u><a href=\"mailto:gegants@afaprogres.cat\">gegants@afaprogres.cat<\/a><\/u><\/p>\n<p><img loading=\"lazy\" decoding=\"async\" class=\" wp-image-10318 alignright\" style=\"font-weight: bold;\" src=\"https:\/\/www.afaprogres.cat\/web\/wp-content\/uploads\/Extraescolars-300x300.png\" alt=\"\" width=\"165\" height=\"165\" srcset=\"https:\/\/www.afaprogres.cat\/web\/wp-content\/uploads\/Extraescolars-300x300.png 300w, https:\/\/www.afaprogres.cat\/web\/wp-content\/uploads\/Extraescolars-1024x1024.png 1024w, https:\/\/www.afaprogres.cat\/web\/wp-content\/uploads\/Extraescolars-150x150.png 150w, https:\/\/www.afaprogres.cat\/web\/wp-content\/uploads\/Extraescolars-768x769.png 768w, https:\/\/www.afaprogres.cat\/web\/wp-content\/uploads\/Extraescolars.png 1052w\" sizes=\"auto, (max-width: 165px) 100vw, 165px\" \/><\/p>\n<p>&nbsp;<\/p>\n<p><strong>VOCALIA D\u2019EXTRAESCOLARS<\/strong><\/p>\n<p>Gestionem i promovem les activitats extraescolars per fomentar el desenvolupament integral dels alumnes a trav\u00e9s d&#8217;una \u00e0mplia gamma d&#8217;opcions que complementen l&#8217;aprenentatge acad\u00e8mic.<\/p>\n<p>Representant de la vocalia: <strong>Aida Garcia<\/strong> <u><a href=\"mailto:extraescolars@afaprogres.cat\">extraescolars@afaprogres.cat<\/a><\/u><\/p>\n<p>&nbsp;<\/p>\n<p><strong><img loading=\"lazy\" decoding=\"async\" class=\"wp-image-10325 alignleft\" src=\"https:\/\/www.afaprogres.cat\/web\/wp-content\/uploads\/menjador-300x300.png\" alt=\"\" width=\"164\" height=\"164\" srcset=\"https:\/\/www.afaprogres.cat\/web\/wp-content\/uploads\/menjador-300x300.png 300w, https:\/\/www.afaprogres.cat\/web\/wp-content\/uploads\/menjador-1024x1024.png 1024w, https:\/\/www.afaprogres.cat\/web\/wp-content\/uploads\/menjador-150x150.png 150w, https:\/\/www.afaprogres.cat\/web\/wp-content\/uploads\/menjador-768x769.png 768w, https:\/\/www.afaprogres.cat\/web\/wp-content\/uploads\/menjador.png 1052w\" sizes=\"auto, (max-width: 164px) 100vw, 164px\" \/><br \/>\nVOCALIA DE MENJADOR<br \/>\n<\/strong><br \/>\nGestionem el servei de menjador a trav\u00e9s de l\u2019empresa \u00c0mbit Escola, qui tamb\u00e9 ofereix el servei d\u2019acollida matinal.<\/p>\n<p>Representant de la vocalia: <strong>Sof\u00eda Hurtado<\/strong> <u><a href=\"mailto:menjador@afaprogres.cat\">menjador@afaprogres.cat<\/a><\/u><\/p>\n<p>&nbsp;<\/p>\n<p><img loading=\"lazy\" decoding=\"async\" class=\" wp-image-10326 alignright\" style=\"font-weight: bold;\" src=\"https:\/\/www.afaprogres.cat\/web\/wp-content\/uploads\/mobilitat-300x300.png\" alt=\"\" width=\"164\" height=\"164\" srcset=\"https:\/\/www.afaprogres.cat\/web\/wp-content\/uploads\/mobilitat-300x300.png 300w, https:\/\/www.afaprogres.cat\/web\/wp-content\/uploads\/mobilitat-1024x1024.png 1024w, https:\/\/www.afaprogres.cat\/web\/wp-content\/uploads\/mobilitat-150x150.png 150w, https:\/\/www.afaprogres.cat\/web\/wp-content\/uploads\/mobilitat-768x769.png 768w, https:\/\/www.afaprogres.cat\/web\/wp-content\/uploads\/mobilitat.png 1052w\" sizes=\"auto, (max-width: 164px) 100vw, 164px\" \/><\/p>\n<p><strong>VOCALIA DE MOBILITAT<br \/>\n<\/strong><br \/>\nVetllem per millorar l\u2019entorn de l\u2019escola i fomentem que els infants i joves facin el seu cam\u00ed cap a l\u2019escola de la manera m\u00e9s aut\u00f2noma i segura possible.<\/p>\n<p>Representant de la vocalia: <strong>Brais Real<\/strong> <u><a href=\"mailto:mobilitat@afaprogres.cat\">mobilitat@afaprogres.cat<\/a><\/u><\/p>\n<p><strong><img loading=\"lazy\" decoding=\"async\" class=\"wp-image-10324 alignleft\" src=\"https:\/\/www.afaprogres.cat\/web\/wp-content\/uploads\/Llibre-Verd-300x300.png\" alt=\"\" width=\"164\" height=\"164\" srcset=\"https:\/\/www.afaprogres.cat\/web\/wp-content\/uploads\/Llibre-Verd-300x300.png 300w, https:\/\/www.afaprogres.cat\/web\/wp-content\/uploads\/Llibre-Verd-1024x1024.png 1024w, https:\/\/www.afaprogres.cat\/web\/wp-content\/uploads\/Llibre-Verd-150x150.png 150w, https:\/\/www.afaprogres.cat\/web\/wp-content\/uploads\/Llibre-Verd-768x769.png 768w, https:\/\/www.afaprogres.cat\/web\/wp-content\/uploads\/Llibre-Verd.png 1052w\" sizes=\"auto, (max-width: 164px) 100vw, 164px\" \/><br \/>\nVOCALIA DE LLIBRE VERD<br \/>\n<\/strong><br \/>\nLa nostra missi\u00f3 \u00e9s seleccionar, adquirir i organitzar llibres i recursos educatius que fomentin l&#8217;aprenentatge i la imaginaci\u00f3 dels alumnes. Ens encarreguem de crear un espai acollidor on els estudiants puguin descobrir i gaudir de la lectura, alhora que promovem la reutilitzaci\u00f3 i el reciclatge de materials.<br \/>\nRepresentant de la vocalia: <strong>Eva Ortiz<\/strong> <u><a href=\"mailto:llibreverd@afaprogres.cat\">llibreverd@afaprogres.cat<\/a><\/u><\/p>\n<p><strong><img loading=\"lazy\" decoding=\"async\" class=\" wp-image-10323 alignright\" src=\"https:\/\/www.afaprogres.cat\/web\/wp-content\/uploads\/Inclusio-300x300.png\" alt=\"\" width=\"164\" height=\"164\" srcset=\"https:\/\/www.afaprogres.cat\/web\/wp-content\/uploads\/Inclusio-300x300.png 300w, https:\/\/www.afaprogres.cat\/web\/wp-content\/uploads\/Inclusio-1024x1024.png 1024w, https:\/\/www.afaprogres.cat\/web\/wp-content\/uploads\/Inclusio-150x150.png 150w, https:\/\/www.afaprogres.cat\/web\/wp-content\/uploads\/Inclusio-768x769.png 768w, https:\/\/www.afaprogres.cat\/web\/wp-content\/uploads\/Inclusio.png 1052w\" sizes=\"auto, (max-width: 164px) 100vw, 164px\" \/><\/strong><\/p>\n<p>&nbsp;<\/p>\n<p>&nbsp;<\/p>\n<p><strong>VOCALIA D\u2019INCLUSI\u00d3<\/strong><\/p>\n<p>Volem crear un model d\u2019inclusi\u00f3 per a tota la comunitat educativa i garantir que les activitats ofertades per l\u2019AFA siguin inclusives. Estudiem les necessitats que presenta l\u2019escola i busquem els recursos per donar-hi suport.<\/p>\n<p>Representant de la vocalia: <strong>Meritxell Ribalta\u00a0 <u><a href=\"mailto:inclusio@afaprogres.cat\">inclusio@afaprogres.cat<\/a><\/u><\/strong><\/p>\n<p>Cap persona de la Junta de l\u2019AFA cobra cap retribuci\u00f3 per fer les seves funcions.<\/p>\n","protected":false},"excerpt":{"rendered":"<p>VOCALIA DE FESTES Amb il\u00b7lusi\u00f3 i creativitat, muntem saraus plens d&#8217;activitats i sorpreses perqu\u00e8 cada moment viscut a l&#8217;escola sigui especial! Organitzem, entre d\u2019altres, les festes de la Castanyada, del Carnestoltes, de l\u2019Esport i de final de curs. El nostre&#8230;<\/p>\n","protected":false},"author":17,"featured_media":0,"parent":0,"menu_order":0,"comment_status":"closed","ping_status":"closed","template":"","meta":{"footnotes":""},"class_list":["post-10328","page","type-page","status-publish","hentry"],"post_mailing_queue_ids":[],"_links":{"self":[{"href":"https:\/\/www.afaprogres.cat\/web\/wp-json\/wp\/v2\/pages\/10328","targetHints":{"allow":["GET"]}}],"collection":[{"href":"https:\/\/www.afaprogres.cat\/web\/wp-json\/wp\/v2\/pages"}],"about":[{"href":"https:\/\/www.afaprogres.cat\/web\/wp-json\/wp\/v2\/types\/page"}],"author":[{"embeddable":true,"href":"https:\/\/www.afaprogres.cat\/web\/wp-json\/wp\/v2\/users\/17"}],"replies":[{"embeddable":true,"href":"https:\/\/www.afaprogres.cat\/web\/wp-json\/wp\/v2\/comments?post=10328"}],"version-history":[{"count":9,"href":"https:\/\/www.afaprogres.cat\/web\/wp-json\/wp\/v2\/pages\/10328\/revisions"}],"predecessor-version":[{"id":10720,"href":"https:\/\/www.afaprogres.cat\/web\/wp-json\/wp\/v2\/pages\/10328\/revisions\/10720"}],"wp:attachment":[{"href":"https:\/\/www.afaprogres.cat\/web\/wp-json\/wp\/v2\/media?parent=10328"}],"curies":[{"name":"wp","href":"https:\/\/api.w.org\/{rel}","templated":true}]}}